{"id":42,"date":"2011-09-06T12:57:39","date_gmt":"2011-09-06T11:57:39","guid":{"rendered":"http:\/\/hmfk.bure.nu\/?page_id=42"},"modified":"2014-09-29T11:57:10","modified_gmt":"2014-09-29T10:57:10","slug":"videos","status":"publish","type":"page","link":"https:\/\/www.hallstamfk.se\/?page_id=42","title":{"rendered":"Videos"},"content":{"rendered":"<p>Filmer fr\u00e5n Banan\/F\u00e4ltet och andra aktiviteter finner ni p\u00e5:<\/p>\n<li><a title=\"Dennis Youtube-sida\" href=\"http:\/\/www.youtube.com\/user\/Dennan83\/videos\" target=\"_blank\">Dennis Youtube-sida<\/a><\/li>\n<li><a title=\"Bards Youtube-sida\" href=\"https:\/\/www.youtube.com\/user\/bure2k\/videos\" target=\"_blank\">Bards Youtube-sida<\/a><\/li>\n<p>&nbsp;<\/p>\n<p>En liten visningsfilm om f\u00e4ltet och banan.<br \/>\n<iframe loading=\"lazy\" width=\"500\" height=\"281\" src=\"http:\/\/www.youtube.com\/embed\/GujSWN1TKYw?feature=oembed\" frameborder=\"0\" allowfullscreen><\/iframe><\/p>\n<p>En film av Andreas, fluget med FPV \u00f6ver f\u00e4ltet.<br \/>\n<iframe loading=\"lazy\" width=\"500\" height=\"281\" src=\"http:\/\/www.youtube.com\/embed\/k_-eJSyW3r4?feature=oembed\" frameborder=\"0\" allowfullscreen><\/iframe><\/p>\n<p>En tur till Bos\u00f6n.<br \/>\n21\/3-14<br \/>\n<iframe loading=\"lazy\" width=\"500\" height=\"281\" src=\"http:\/\/www.youtube.com\/embed\/Y9IYgSx-0LY?feature=oembed\" frameborder=\"0\" allowfullscreen><\/iframe><\/p>\n","protected":false},"excerpt":{"rendered":"<p>Filmer fr\u00e5n Banan\/F\u00e4ltet och andra aktiviteter finner ni p\u00e5: Dennis Youtube-sida Bards Youtube-sida &nbsp; En liten visningsfilm om f\u00e4ltet och banan. En film av Andreas, fluget med FPV \u00f6ver f\u00e4ltet. En tur till Bos\u00f6n. 21\/3-14<\/p>\n","protected":false},"author":1,"featured_media":0,"parent":0,"menu_order":7,"comment_status":"closed","ping_status":"closed","template":"","meta":{"ngg_post_thumbnail":0,"footnotes":"","_links_to":"","_links_to_target":""},"_links":{"self":[{"href":"https:\/\/www.hallstamfk.se\/index.php?rest_route=\/wp\/v2\/pages\/42"}],"collection":[{"href":"https:\/\/www.hallstamfk.se\/index.php?rest_route=\/wp\/v2\/pages"}],"about":[{"href":"https:\/\/www.hallstamfk.se\/index.php?rest_route=\/wp\/v2\/types\/page"}],"author":[{"embeddable":true,"href":"https:\/\/www.hallstamfk.se\/index.php?rest_route=\/wp\/v2\/users\/1"}],"replies":[{"embeddable":true,"href":"https:\/\/www.hallstamfk.se\/index.php?rest_route=%2Fwp%2Fv2%2Fcomments&post=42"}],"version-history":[{"count":16,"href":"https:\/\/www.hallstamfk.se\/index.php?rest_route=\/wp\/v2\/pages\/42\/revisions"}],"predecessor-version":[{"id":1664,"href":"https:\/\/www.hallstamfk.se\/index.php?rest_route=\/wp\/v2\/pages\/42\/revisions\/1664"}],"wp:attachment":[{"href":"https:\/\/www.hallstamfk.se\/index.php?rest_route=%2Fwp%2Fv2%2Fmedia&parent=42"}],"curies":[{"name":"wp","href":"https:\/\/api.w.org\/{rel}","templated":true}]}}